alculate the remainder when y(o) is divided by 14.
13
Let v(w) = w**3 - 51*w**2 + 235*w - 82. What is the remainder when 453 is divided by v(46)?
9
Suppose 2494 = -74*q + 2209 + 5983. What is the remainder when 299 is divided by q?
68
Suppose 158783 - 329340 = -122*u + 267911. Calculate the remainder when u is divided by 31.
29
Suppose -83*n + 82*n = -255. Calculate the remainder when n is divided by 66.
57
Let i(v) = 151*v**2 + 29*v - 34. What is the remainder when i(4) is divided by 61?
58
Let w(b) = -2*b**3 - 49*b**2 + 19*b + 53. Let s be w(-25). Suppose -5*v = -5*g - 260, -2*g - g - s = -4*v. Calculate the remainder when v is divided by 12.
11
Suppose 12197 + 39024 = 86*s - 33747. What is the remainder when s is divided by 42?
22
Suppose -10*j - 733 = -14*j + 3*a, 2*j - 11*a = 395. Calculate the remainder when j is divided by 171.
10
Let z = -2356 + 2415. What is the remainder when 104 is divided by z?
45
Let b be 38/(-57)*3/2 - -2. What is the remainder when 15 is divided by 46 + -45 + b + 0?
1
Let x = 5209 + -5177. Suppose 0*w + w - 3 = 0. Suppose 5*q - 42 - w = 0. What is the remainder when x is divided by q?
5
Let m = -2653 - -2706. What is the remainder when m is divided by 365/20 + (-3)/(-4)?
15
Suppose 0*d + 2*j = 3*d - 2, -3*d + 3*j = -3. Suppose -y - 12 + 111 = d. Let u = 70 + -45. What is the remainder when y is divided by u?
24
Suppose 3*b - 110 = -x, 31*b - 27*b - 3*x - 151 = 0. Calculate the remainder when 164 is divided by b.
16
Let j = 333 + 1808. Calculate the remainder when j is divided by 21.
20
Let i = 2681 - 1848. What is the remainder when i is divided by 95?
73
Let k = -20268 - -20275. Let v = -22 + 41. Let u = 7 + v. Calculate the remainder when u is divided by k.
5
Let w be ((-15)/(45/4))/((-2)/6). Let g be 1085/(-21) - w - 4/3. Let x = -52 - g. Calculate the remainder when 33 is divided by x.
3
Let q = 399 + -369. What is the remainder when 985 is divided by q?
25
Let u be (4 + -2)*(4 - 78/12). Let s(p) = 7*p**2 + 27*p + 2. What is the remainder when s(u) is divided by 23?
19
Let a = -722 + 901. Calculate the remainder when a is divided by ((-180)/(-27))/(6/27).
29
Let t = -104 - -104. Suppose 6*c + t*c = 180. What is the remainder when c is divided by 16?
14
Let o(i) = 2*i + 22. Let c be o(-10). Suppose -53 - 39 = -c*f. Let g = 358 + -334. What is the remainder when f is divided by g?
22
Let i be 3*(4 + -2) - -3. Suppose 33 - i = 6*j. Suppose -2*k + 3*k - 3*m - 21 = 0, 5*k - 5*m - 85 = 0. What is the remainder when k is divided by j?
3
Suppose -2*c + 20 = 6. Let s = c + 7. Suppose -s = -9*l + 76. Calculate the remainder when 27 is divided by l.
7
Let h = 2067 - 2062. Calculate the remainder when 1003 is divided by h.
3
Let u(s) = -s + 40. Let p be u(0). Suppose -p = 3*d - 124. What is the remainder when 50 is divided by d?
22
Let x(g) = -66*g + 10. Calculate the remainder when x(-1) is divided by (-11 + 14)*11/3.
10
Let s(c) = c**2 + 2*c - 48. Let t be s(-8). Suppose 37*v + 15*v - 4836 = t. What is the remainder when v is divided by 24?
21
Let x(t) = 374*t - 10453. What is the remainder when 2140 is divided by x(28)?
12
Let p be 339/2 - (-4)/(-8)*-1. Calculate the remainder when 11 is divided by (-26)/(-4) + p/(-68).
3
Suppose -200 = -4*v - 4*m - 60, -5*m = v - 51. Suppose 0 = 4*s - 7*s - 72. Let a = v + s. What is the remainder when 10 is divided by a?
3
Let y(t) = t - 9. Let m be y(-7). Let c = m - -26. Let g = -7026 - -7060. What is the remainder when g is divided by c?
4
Let f(i) = -422*i - 16. Let x be f(-1). Let q = 437 - x. What is the remainder when 772 is divided by q?
28
Suppose -35*c + 50 = -30*c. Calculate the remainder when 51 is divided by ((-480)/(-75))/(2/c).
19
Let t be 12/(1/(7/(-2))). Let m = t - -62. Let l = 24 - -13. Calculate the remainder when l is divided by m.
17
Suppose -49*l + 46*l = 4*y - 8496, -3*y = -8*l + 22697. Calculate the remainder when l is divided by 564.
16
What is the remainder when 144 is divided by (0 + -4 - -5) + (-49)/7 + 50?
12
Let m = 206 + -187. What is the remainder when 2427 is divided by m?
14
Suppose -8*l + 12*l + 712 = 0. Let r = -94 - l. Let v = r - 79. What is the remainder when 6 is divided by v?
1
Let l(m) = -m**3 + 7*m**2 + 28*m + 22. Let v be l(10). Calculate the remainder when 31 is divided by ((-13)/39)/(v/(-72)).
7
Suppose 106 = 2*j + 26. Suppose 35 + 587 = 4*h - 3*p, 0 = 5*p - 10. Suppose -h = -9*w - 13. What is the remainder when j is divided by w?
8
Calculate the remainder when ((-2471)/(-9) - -4) + 12/27 is divided by 153.
126
Suppose -4*k = 8, u = -3*u - 3*k + 50. Suppose 0 = -u*f + 1778 + 238. Calculate the remainder when f is divided by 49.
46
Let y(u) = 6*u**2 - u - 4. Let l be (-8)/9 + (-5)/45. Calculate the remainder when 3 is divided by y(l).
0
Let s = -189 + 212. Suppose 4*o - 200 = -4*t, 3*o = t + 95 + 35. What is the remainder when o is divided by s?
22
Let u = 10884 + -5036. Calculate the remainder when u is divided by 75.
73
Let v be 150 - 2/(-6)*-9. Suppose z - v = 2*z. Let t = 225 + z. Calculate the remainder when t is divided by 21.
15
Suppose 3 + 7 = 2*c - 2*u, -2*u - 22 = -4*c. Suppose -3*d + 490 = 4*k, -c*d - k = -5*d - 163. Calculate the remainder when d is divided by 33.
30
Suppose -a + 8 = -q, -2*q + 8*a = 4*a + 24. Calculate the remainder when 29 is divided by -14*(-8)/20 + q/(-10).
5
Suppose -2*y - 4*v + 376 = 0, 6*v + 16 = 2*v. What is the remainder when 45/30*y/6 is divided by 13?
10
Suppose -5796 = -151*l + 130*l. Calculate the remainder when l is divided by 3.
0
Suppose 725*w - 810*w + 99764 + 224426 = 0. What is the remainder when w is divided by 91?
83
Let a = 8396 - 8013. What is the remainder when a is divided by 90?
23
Let b = 16900 + -16211. Calculate the remainder when b is divided by 226.
11
Suppose 0 = -3*h - h + 636. Suppose -w + 4*w - h = 0. Let i = 2123 + -2104. What is the remainder when w is divided by i?
15
Suppose 11*q - 7*q = 12. Let b = -14 - -14. Suppose -q*c = -3*m + 1 - 13, 4*m = b. Calculate the remainder when 47 is divided by c.
3
Let g = 44 - -10. Let s be ((-3)/(36/(-20)))/(2/(-30)). Calculate the remainder when g is divided by (-15)/s - (127/(-5) - 2).
26
Suppose -7091 + 2519 = -127*k. Let l be 4*4/((-16)/7). Let i = k + l. Calculate the remainder when i is divided by 16.
13
Let a be 71/(-2) + 9/6. What is the remainder when 64 is divided by (30 + a)*2/4*-2?
0
Let g be ((-5)/((-80)/(-36)))/((-9)/180). Calculate the remainder when 15 is divided by (-2)/(7 + g/(-6)).
3
Let q be 4/(-18) + (-1990)/(-45). Suppose -2*i + 2*o = q, 3*o + 109 = -5*i + 7*o. Let t = i - -33. Calculate the remainder when 59 is divided by t.
11
Suppose 98 + 23 = 5*w - 4*o, 2*w - 49 = o. What is the remainder when 448 is divided by w?
23
Suppose 0 = 3*q - i - 182, -9 = -4*i - 5. Calculate the remainder when 730 is divided by q.
59
Suppose -32 = -0*h - 8*h. What is the remainder when (-39)/156 + ((-3585)/h)/(-5) is divided by 20?
19
Let q(g) = -19*g + 94. Let j be q(9). Let z = -68 - j. Calculate the remainder when 26 is divided by z.
8
Let c(o) = 6*o**3 + 24*o**2 - 131*o - 38. Calculate the remainder when c(5) is divided by 39.
33
Let p = 258247 + -258218. Calculate the remainder when 1*577 + 0/(-3) is divided by p.
26
Let t = 7919 - 7818. Let o be 8/(-28) + (-730)/(-7). Suppose 5*k - o = k. Calculate the remainder when t is divided by k.
23
Let o be (-6)/(84/126*(-3)/4). Suppose 2*r - 4*f = 50, 98 = 5*r + f - 2*f. Suppose r = -11*i + o*i. What is the remainder when 56 is divided by i?
18
Suppose 0 = 5*l - 0*l - 65. What is the remainder when (-18 + 1)/(133/(-399)) is divided by l?
12
Suppose -y - 5*m = 20, 5 - 9 = 3*y + m. Let t(w) = -6*w**3 - 5*w + 33. What is the remainder when 190 is divided by t(y)?
25
Let i = -226 - -231. Suppose -2*c - c + 43 = i*g, 2*g = 4*c + 12. What is the remainder when 36 is divided by g?
4
Suppose -167*n - 149*n = -333*n + 3978. Calculate the remainder when 717 is divided by n.
15
Let p = 231 + -213. Let i = 500 + -343. Calculate the remainder when i is divided by p.
13
Let b(k) = 27*k**2 - 10*k - 2. Let y(g) = -g**3 - g**2 + 2*g + 1. Let s be y(-1). What is the remainder when b(s) is divided by 14?
7
Suppose 465*n + 119967 - 673360 = 6932. What is the remainder when 1238 is divided by n?
33
Le